{"id":2729,"date":"2020-11-30T21:58:19","date_gmt":"2020-11-30T21:58:19","guid":{"rendered":"https:\/\/acacia.red\/udfjc\/?page_id=2729"},"modified":"2022-11-29T19:25:07","modified_gmt":"2022-11-29T19:25:07","slug":"boletin","status":"publish","type":"page","link":"https:\/\/acacia.red\/udfjc\/boletin\/","title":{"rendered":"Acacia contigo en la UD, conozca nuestros boletines"},"content":{"rendered":"<div class=\"wpb-content-wrapper\"><p>[vc_row padding_top=\u00bb0&#8243; padding_bottom=\u00bb0&#8243;][vc_column][vc_column_text]<span style=\"font-size: 12pt;\">En cada edici\u00f3n trataremos diferentes tem\u00e1ticas relacionadas a problem\u00e1ticas que est\u00e1n presentes en la comunidad universitaria. Para detectarlas y brindar a los estudiantes, docentes y funcionarios la atenci\u00f3n, orientaci\u00f3n y acompa\u00f1amiento adecuados, el Centro Acacia ha dise\u00f1ado diferentes recursos y servicios que est\u00e1n a disposici\u00f3n de todos los miembros de la instituci\u00f3n. \u00a1Cont\u00e1ctenos!<\/span>[\/vc_column_text][\/vc_column][\/vc_row][vc_row][vc_column][vc_tta_tour][vc_tta_section title=\u00bbA\u00f1o 2022&#8243; tab_id=\u00bb2022&#8243;][vc_row_inner][vc_column_inner width=\u00bb1\/3&#8243;][\/vc_column_inner][vc_column_inner width=\u00bb1\/3&#8243;][vc_column_text]<div class=\"sdm_download_button_box_default\"><div class=\"sdm_download_link\"><a href=\"https:\/\/acacia.red\/udfjc\/?sdm_process_download=1&download_id=3177\" class=\"sdm_download purple\" title=\"Bolet\u00edn \u00bfC\u00f3mo pueden acceder a la informaci\u00f3n las personas sordas y ciegas? 2022\" >Bolet\u00edn edici\u00f3n #1<\/a><\/div><\/div>[\/vc_column_text][vc_column_text]<div class=\"sdm_download_button_box_default\"><div class=\"sdm_download_link\"><a href=\"https:\/\/acacia.red\/udfjc\/?sdm_process_download=1&download_id=3504\" class=\"sdm_download purple\" title=\"Bolet\u00edn Acacia contigo en la UD # 2-2022\" >Bolet\u00edn edici\u00f3n #2<\/a><\/div><\/div>[\/vc_column_text][vc_column_text]<div class=\"sdm_download_button_box_default\"><div class=\"sdm_download_link\"><a href=\"https:\/\/acacia.red\/udfjc\/?sdm_process_download=1&download_id=3546\" class=\"sdm_download purple\" title=\"Bolet\u00edn ACACIA contigo en la UD #3 2022\" >Bolet\u00edn edici\u00f3n #3<\/a><\/div><\/div>[\/vc_column_text][\/vc_column_inner][vc_column_inner width=\u00bb1\/3&#8243;][\/vc_column_inner][\/vc_row_inner][\/vc_tta_section][vc_tta_section title=\u00bbA\u00f1o 2021&#8243; tab_id=\u00bb2021&#8243;][vc_row_inner][vc_column_inner width=\u00bb1\/3&#8243;][\/vc_column_inner][vc_column_inner width=\u00bb1\/3&#8243;][vc_column_text]<div class=\"sdm_download_button_box_default\"><div class=\"sdm_download_link\"><a href=\"https:\/\/acacia.red\/udfjc\/?sdm_process_download=1&download_id=3162\" class=\"sdm_download purple\" title=\"Bolet\u00edn violencia de g\u00e9nero 2021\" >Bolet\u00edn edici\u00f3n #1<\/a><\/div><\/div>[\/vc_column_text][vc_column_text]<div class=\"sdm_download_button_box_default\"><div class=\"sdm_download_link\"><a href=\"https:\/\/acacia.red\/udfjc\/?sdm_process_download=1&download_id=3167\" class=\"sdm_download purple\" title=\"Bolet\u00edn contenido digitales accesibles 2021\" >Bolet\u00edn edici\u00f3n #2<\/a><\/div><\/div>[\/vc_column_text][vc_column_text]<div class=\"sdm_download_button_box_default\"><div class=\"sdm_download_link\"><a href=\"https:\/\/acacia.red\/udfjc\/?sdm_process_download=1&download_id=3171\" class=\"sdm_download purple\" title=\"Bolet\u00edn de junio, mes del orgullo LGTBI 2021\" >Bolet\u00edn edici\u00f3n #3<\/a><\/div><\/div>[\/vc_column_text][vc_column_text]<div class=\"sdm_download_button_box_default\"><div class=\"sdm_download_link\"><a href=\"https:\/\/acacia.red\/udfjc\/?sdm_process_download=1&download_id=3173\" class=\"sdm_download purple\" title=\"Bolet\u00edn tecnolog\u00eda, innovaci\u00f3n y accesibilidad 2021\" >Bolet\u00edn edici\u00f3n #4<\/a><\/div><\/div>[\/vc_column_text][vc_column_text]<div class=\"sdm_download_button_box_default\"><div class=\"sdm_download_link\"><a href=\"https:\/\/acacia.red\/udfjc\/?sdm_process_download=1&download_id=3174\" class=\"sdm_download purple\" title=\"Bolet\u00edn Ser ind\u00edgena en la UDFJC 2021\" >Bolet\u00edn edici\u00f3n #5<\/a><\/div><\/div>[\/vc_column_text][vc_column_text]<div class=\"sdm_download_button_box_default\"><div class=\"sdm_download_link\"><a href=\"https:\/\/acacia.red\/udfjc\/?sdm_process_download=1&download_id=3175\" class=\"sdm_download purple\" title=\"Bolet\u00edn Deserci\u00f3n en Am\u00e9rica Latina 2021\" >Bolet\u00edn edici\u00f3n #6<\/a><\/div><\/div>[\/vc_column_text][\/vc_column_inner][vc_column_inner width=\u00bb1\/3&#8243;][\/vc_column_inner][\/vc_row_inner][\/vc_tta_section][\/vc_tta_tour][\/vc_column][\/vc_row]<\/p>\n<\/div>","protected":false},"excerpt":{"rendered":"<p>[vc_row padding_top=\u00bb0&#8243; padding_bottom=\u00bb0&#8243;][vc_column][vc_column_text]En cada edici\u00f3n trataremos diferentes tem\u00e1ticas relacionadas a problem\u00e1ticas que est\u00e1n presentes en la comunidad universitaria. Para detectarlas y brindar a los estudiantes, docentes y funcionarios la atenci\u00f3n, orientaci\u00f3n y acompa\u00f1amiento adecuados, el Centro Acacia ha dise\u00f1ado diferentes recursos y servicios que est\u00e1n a disposici\u00f3n de todos los miembros de la instituci\u00f3n. \u00a1Cont\u00e1ctenos![\/vc_column_text][\/vc_column][\/vc_row][vc_row][vc_column][vc_tta_tour][vc_tta_section title=\u00bbA\u00f1o 2022&#8243; tab_id=\u00bb2022&#8243;][vc_row_inner][vc_column_inner width=\u00bb1\/3&#8243;][\/vc_column_inner][vc_column_inner width=\u00bb1\/3&#8243;][vc_column_text][\/vc_column_text][vc_column_text][\/vc_column_text][vc_column_text][\/vc_column_text][\/vc_column_inner][vc_column_inner [&hellip;]<\/p>\n","protected":false},"author":13,"featured_media":0,"parent":0,"menu_order":0,"comment_status":"closed","ping_status":"closed","template":"","meta":{"om_disable_all_campaigns":false,"_monsterinsights_skip_tracking":false,"_monsterinsights_sitenote_active":false,"_monsterinsights_sitenote_note":"","_monsterinsights_sitenote_category":0,"_uf_show_specific_survey":0,"_uf_disable_surveys":false,"h5ap_radio_sources":[],"footnotes":""},"class_list":["post-2729","page","type-page","status-publish","hentry"],"aioseo_notices":[],"_links":{"self":[{"href":"https:\/\/acacia.red\/udfjc\/wp-json\/wp\/v2\/pages\/2729","targetHints":{"allow":["GET"]}}],"collection":[{"href":"https:\/\/acacia.red\/udfjc\/wp-json\/wp\/v2\/pages"}],"about":[{"href":"https:\/\/acacia.red\/udfjc\/wp-json\/wp\/v2\/types\/page"}],"author":[{"embeddable":true,"href":"https:\/\/acacia.red\/udfjc\/wp-json\/wp\/v2\/users\/13"}],"replies":[{"embeddable":true,"href":"https:\/\/acacia.red\/udfjc\/wp-json\/wp\/v2\/comments?post=2729"}],"version-history":[{"count":38,"href":"https:\/\/acacia.red\/udfjc\/wp-json\/wp\/v2\/pages\/2729\/revisions"}],"predecessor-version":[{"id":3549,"href":"https:\/\/acacia.red\/udfjc\/wp-json\/wp\/v2\/pages\/2729\/revisions\/3549"}],"wp:attachment":[{"href":"https:\/\/acacia.red\/udfjc\/wp-json\/wp\/v2\/media?parent=2729"}],"curies":[{"name":"wp","href":"https:\/\/api.w.org\/{rel}","templated":true}]}}